mmon factor of v and j?
6
Suppose 0 = -4*p + 2*i + 1074, -2*i = 4*p + p - 1356. Suppose -267*h - 216 = -p*h. What is the highest common factor of h and 234?
18
Suppose 0 = -387*f + 385*f + 10. Suppose 0 = f*m - 97 + 82. Let d be 2/(-4) + 67/2. Calculate the highest common factor of m and d.
3
Suppose -10*z + a = -15*z - 19, -5*a - 32 = 4*z. Let x be (-5 + -88)/z + -3. Let s be 87/12 - 2/8. What is the highest common divisor of x and s?
7
Let m(b) = -10*b - 77. Let d be m(-8). Suppose 2*u - 303 = -d*v, u = -2*u + 3*v + 432. What is the greatest common factor of u and 98?
49
Let b = -869 + 1907. Let i = b + -930. What is the greatest common factor of i and 12?
12
Let b = 44 + -33. Let v(l) = 5*l + 6. Let u be v(b). Let x = u + -31. What is the greatest common divisor of 12 and x?
6
Let q be 1318 + (-10)/25*10. Suppose -2948 = -3*s + 5*i, 2*s - 3*i - 650 - q = 0. What is the greatest common factor of s and 16?
16
Suppose -14*i + 18*i - 5*q - 1795 = 0, 0 = -2*i + 5*q + 895. Calculate the highest common divisor of i and 810.
90
Let c be ((-4)/(-2) - -38)/(276/(-12) + 24). What is the greatest common divisor of 2420 and c?
20
Let z(m) = 46*m**2 - m - 1. Suppose 4*s = 19*s + 840. Let u = s + 57. Let x be z(u). What is the greatest common factor of x and 11?
11
Let w = -86 - -86. Let l(z) = -z**3 - z**2 - 2*z + 260. Let f be l(w). Let u = f + -39. What is the greatest common factor of 13 and u?
13
Let y = -3077 + 3203. Calculate the greatest common divisor of 448 and y.
14
Let d be 1 - 4 - (-1 - 14). Let s(q) = q**3 - 13*q**2 + 12*q + 3. Let r be s(d). Let z = -2947 + 2956. What is the greatest common factor of r and z?
3
Let c be (11/(-132) + 3/4)/(9/3078). What is the highest common divisor of c and 1482?
114
Let t(k) = 4*k**2 + k + 3. Let h be t(-3). Let j(u) = 5*u**2 - 89*u - 90. Let n be j(-1). What is the highest common divisor of h and n?
4
Suppose 74590 - 11844 = 248*r + 26*r. Calculate the highest common factor of r and 458.
229
Let y = -3368 + 3378. Calculate the greatest common factor of y and 160.
10
Suppose 29*b - 838 = 18*b + 317. What is the highest common divisor of 1545 and b?
15
Let c be (-12)/(-21)*(0 - -7). Suppose 12 = 2*x + 4*s, -28 = -4*x + 5*s - c. Let k = -25 + 31. Calculate the highest common divisor of x and k.
6
Let u(w) = -w + 2. Let b be u(-1). Suppose 2*o = -b*l + 397, -l - 4*l = o - 664. Calculate the greatest common divisor of 19 and l.
19
Let g(t) = -t**3 - t**2 - 2*t. Let i be g(-2). Let n = 288 - 277. Suppose -27 + n = -8*r. Calculate the highest common divisor of i and r.
2
Suppose -1617 = -6*a - a. Let g(w) = -w**3 + 12*w**2 + 3*w - 14. Let y be g(12). Suppose 0 = 3*q + y - 85. What is the highest common divisor of q and a?
21
Let r be 64/48*33075/84. What is the highest common divisor of 588 and r?
21
Let x(d) = -d**3 - 3*d**2 - 5*d - 4. Suppose -3*v = -8*v, 0 = a + 5*v + 3. Let t be x(a). Let c = 13 - t. What is the highest common divisor of 3 and c?
1
Let z(o) = -o**3 - 58*o**2 - 272*o - 91. Let g be z(-53). Calculate the greatest common factor of 30 and g.
10
Let a be (860/8)/(1 + (-4)/8). Let s = a - 193. What is the highest common divisor of 55 and s?
11
Let v(d) = 69*d - 1398. Let f be v(23). What is the greatest common divisor of 1197 and f?
63
Let x be 19 + (9 + -6)*-1. Let i be 12/x*4/1. Calculate the greatest common factor of 48 and i.
3
Suppose 4*s - 790 = 5*d, -85 = -s - 3*d + 104. Calculate the highest common factor of s and 936.
39
Let l(v) = -539*v - 1244. Let h be l(-30). Calculate the highest common factor of h and 34.
34
Let d be (-9*(-1 + 5/3))/((-9)/24). Calculate the greatest common factor of 1992 and d.
8
Let r(v) = 5*v - 64. Let y be r(12). Let b be (-6 - y) + 5*4*2. What is the greatest common factor of b and 76?
38
Let w be (-6)/9 - (-112)/24. Let b be 86/18*1 - w/(-18). Suppose 730 = 5*i + b*j, -j - 569 = -i - 3*i. What is the highest common divisor of 13 and i?
13
Let m = -8870 + 8940. What is the highest common factor of m and 294?
14
Suppose 0 = 75*m - 74*m - 36. Suppose -i = -0*i - m. Let t = -17 - -21. What is the highest common factor of i and t?
4
Let m(y) = -29*y - 4. Let v be m(-3). Let s be ((-207)/15)/((-27)/45). Let w = v - s. Calculate the greatest common factor of w and 12.
12
Let f(d) = 3*d - d - 82*d**3 + 109*d**3. Let a be f(2). Calculate the greatest common factor of 20 and a.
20
Let m(n) = -2775*n**3 - 2*n**2 + 573*n + 574. Let g be m(-1). Calculate the greatest common factor of g and 76.
38
Suppose 2*k - 190 = -5*b, -22*k + 152 = 4*b - 20*k. What is the greatest common divisor of b and 342?
38
Let w be 194/8 - 2/8. Suppose 111*i + 208*i - 1457 = 457. Calculate the highest common divisor of i and w.
6
Let u be (-2)/(-7) - (-444)/14. Let s(i) = 14*i - 509. Let m be s(58). Suppose m = -5*c + 1423. What is the highest common factor of c and u?
32
Suppose 263 = -15*i + 1538. Suppose -28*f = -26*f - 102. What is the greatest common divisor of i and f?
17
Suppose 1324 - 8030 = -45*m + 4229. Calculate the greatest common divisor of 171 and m.
9
Suppose -2*l + p = -22473, -l + 2*p - 6*p + 11268 = 0. What is the greatest common divisor of l and 20?
20
Let z(s) = s**2 - 20*s - 5. Let p be z(20). Let k be 84/420 + (1 - 24/p). Suppose 4*a - 42 = -k. Calculate the greatest common factor of a and 36.
9
Suppose 4*c = -23*n + 21*n + 806, 5*n - 791 = -4*c. What is the greatest common factor of 1088 and c?
68
Let j be (-8)/((-16)/(-14)) + 6. Let y be (-42)/28*(j - 142/6). What is the greatest common factor of 185 and y?
37
Suppose 3*b = -2*j - 16, 4*j + 4 = -2*b - 20. Let o be b - (-24)/10 - (-5472)/95. Calculate the highest common divisor of 58 and o.
58
Suppose 200 = 12*c + 12*c - 20*c. What is the greatest common factor of c and 1075?
25
Let x(k) = -k**3 - 8*k**2 - 209*k - 2258. Let o be x(-10). Suppose -2*c + 1031 = 7. Calculate the highest common factor of o and c.
32
Suppose 2*x - 2*u + 0 = 6, -4*x = 2*u - 18. Suppose -493 = -x*r - 389. Calculate the highest common divisor of r and 416.
26
Suppose 15104 = 55*z - 51*z. Suppose -1016 = 12*j - z. Calculate the greatest common divisor of 138 and j.
46
Suppose -5*f - 23 = -3*i, 2*i - 8 = -f + 3. What is the highest common divisor of 412 and i?
2
Suppose 100*a = 202*a - 89*a - 45708. What is the greatest common divisor of 24 and a?
12
Let t be 6/4*(3 + 20/(-12)). Let b(k) = t*k**2 - 3*k + k - k**2 + 0*k**2 - 20. Let r be b(7). What is the highest common divisor of 3 and r?
3
Let g(p) = -2 + 11*p - 5 - 4*p - 2. Let x be g(2). Suppose 0 = x*t + 2*w - 168, 4*w - 144 = -4*t - 0*t. What is the highest common divisor of t and 32?
32
Suppose 16*q = 22*q + 204. Let s = 67 + q. What is the greatest common divisor of s and 165?
33
Let b(w) = -w**2 + 14*w + 15. Let k be b(11). Suppose -k = -7*s + 5*s. Let y be 2388/s - 1/(-2). What is the highest common divisor of 20 and y?
20
Let l be (-3120)/182*(-21)/2. Suppose 0 = m + 159 - l. What is the highest common divisor of m and 567?
21
Suppose -3*l = 4*j + l - 228, 2*j - 3*l = 114. Calculate the greatest common divisor of 209 and j.
19
Suppose 0 = 2*t + 3*o - 281, -310*o + 5 = -309*o. Calculate the greatest common divisor of t and 679.
7
Let d = 308 - 269. Suppose -2*l + 5*t - 101 = 2*l, -3*l - 4*t = 68. Let y = l + d. Calculate the greatest common factor of y and 15.
15
Let p(s) = 5*s**2 - 93*s - 196. Let x be p(-2). Let z = -25 - -50. What is the greatest common factor of z and x?
5
Let o = 203 - -93. Calculate the highest common divisor of 37 and o.
37
Suppose 47*k = 44*k + 5*p + 16980, 0 = -4*k - 5*p + 22710. What is the highest common factor of k and 35?
35
Let a be 20 - 32/24*(0 + 27/(-12)). What is the greatest common divisor of 5589 and a?
23
Suppose z - 1 = -i + 7, 5*z - 40 = 2*i. Let v = -263 + 268. Suppose v*h - 5*b - 305 = 0, b + 3*b + 300 = 5*h. What is the greatest common factor of z and h?
8
Let x(t) = 2*t**2 - 3*t - 1. Let r = 85 - 88. Let n be x(r). Let h = n + 4. What is the greatest common divisor of h and 45?
15
Let z(s) = 2*s + 15. Let f be z(-7). Let t be (f - 0)*(13 - 3). Let q(j) = 2*j**2 - 19*j + 2. Let n be q(t). What is the highest common factor of n and 132?
12
Let f(x) = x**3 + 2*x**2 + 5*x + 16. Let k be f(-5). Let m = k - -130. Calculate the highest common factor of